st the prime factors of 4538534.
2, 7, 11, 13, 2267
What are the prime factors of 30423?
3, 10141
What are the prime factors of 1526368?
2, 47699
List the prime factors of 270881.
13, 67, 311
What are the prime factors of 971014?
2, 11, 19, 23, 101
What are the prime factors of 1574667?
3, 58321
List the prime factors of 190905.
3, 5, 11, 13, 89
What are the prime factors of 25386383?
11, 43, 191, 281
What are the prime factors of 170272?
2, 17, 313
List the prime factors of 342346.
2, 17, 10069
What are the prime factors of 111679?
29, 3851
What are the prime factors of 20374372?
2, 367, 13879
What are the prime factors of 14488794?
2, 3, 17, 5261
What are the prime factors of 142594?
2, 83, 859
What are the prime factors of 6553621?
6553621
List the prime factors of 499581.
3, 18503
List the prime factors of 355346.
2, 127, 1399
List the prime factors of 825430.
2, 5, 197, 419
List the prime factors of 164643.
3, 54881
What are the prime factors of 235547?
13, 18119
What are the prime factors of 2039139?
3, 226571
List the prime factors of 1104552.
2, 3, 23, 29
What are the prime factors of 99894?
2, 3, 16649
List the prime factors of 9558415.
5, 131, 14593
What are the prime factors of 529539?
3, 199, 887
List the prime factors of 1158399.
3, 11, 11701
List the prime factors of 10059.
3, 7, 479
List the prime factors of 1580753.
1580753
List the prime factors of 333294.
2, 3, 13, 4273
List the prime factors of 1241847.
3, 137983
List the prime factors of 33925971.
3, 11308657
List the prime factors of 287135.
5, 57427
What are the prime factors of 328000?
2, 5, 41
List the prime factors of 206047.
206047
List the prime factors of 792578.
2, 139, 2851
List the prime factors of 204881.
211, 971
List the prime factors of 11050963.
7, 11, 143519
What are the prime factors of 1542857?
19, 81203
What are the prime factors of 4854561?
3, 1618187
List the prime factors of 103737.
3, 151, 229
What are the prime factors of 3989112?
2, 3, 347, 479
List the prime factors of 1234319.
17, 4271
List the prime factors of 1952276.
2, 488069
What are the prime factors of 175718?
2, 103, 853
List the prime factors of 4365466.
2, 7, 163, 1913
List the prime factors of 6475496.
2, 809437
List the prime factors of 1138550.
2, 5, 7, 3253
List the prime factors of 1798581.
3, 661, 907
List the prime factors of 189772.
2, 11, 19, 227
What are the prime factors of 3797626?
2, 7, 487, 557
List the prime factors of 1620951.
3, 397, 1361
What are the prime factors of 2135169?
3, 131, 1811
What are the prime factors of 2724225?
3, 5, 7, 5189
What are the prime factors of 1118407?
947, 1181
List the prime factors of 227239.
17, 13367
List the prime factors of 12985043.
12985043
What are the prime factors of 2515455?
3, 5, 6211
What are the prime factors of 886015?
5, 13, 43, 317
What are the prime factors of 10790481?
3, 13, 21283
What are the prime factors of 586437?
3, 195479
What are the prime factors of 127783?
53, 2411
List the prime factors of 476790.
2, 3, 5, 23, 691
List the prime factors of 719146.
2, 103, 3491
List the prime factors of 2061430.
2, 5, 7, 601
What are the prime factors of 4335449?
911, 4759
What are the prime factors of 22538662?
2, 47, 163, 1471
What are the prime factors of 2319626?
2, 1159813
What are the prime factors of 10938266?
2, 5469133
What are the prime factors of 244031?
79, 3089
What are the prime factors of 427610?
2, 5, 61, 701
List the prime factors of 10666315.
5, 11, 19, 59, 173
List the prime factors of 1192721.
1192721
List the prime factors of 1411737.
3, 470579
What are the prime factors of 619783?
31, 19993
List the prime factors of 19863156.
2, 3, 1655263
What are the prime factors of 722889?
3, 31, 2591
List the prime factors of 4380593.
7, 61, 10259
List the prime factors of 3087268.
2, 17, 83, 547
What are the prime factors of 2246830?
2, 5, 224683
List the prime factors of 922034.
2, 461017
List the prime factors of 818604.
2, 3, 22739
What are the prime factors of 55504?
2, 3469
What are the prime factors of 2194702?
2, 1097351
What are the prime factors of 932896?
2, 29153
What are the prime factors of 22377749?
139, 199, 809
List the prime factors of 56088.
2, 3, 19, 41
List the prime factors of 10611433.
7, 1515919
What are the prime factors of 2916037?
29, 193, 521
List the prime factors of 34049527.
34049527
What are the prime factors of 30174?
2, 3, 47, 107
List the prime factors of 433621.
199, 2179
What are the prime factors of 15498134?
2, 7749067
What are the prime factors of 1452836?
2, 7, 11, 53, 89
What are the prime factors of 1833464?
2, 31, 7393
What are the prime factors of 306964?
2, 7, 19, 577
What are the prime factors of 2842605?
3, 5, 181, 349
What are the prime factors of 337406?
2, 73, 2311
What are the prime factors of 886106?
2, 13, 173, 197
List the prime factors of 387594.
2, 3, 61, 353
List the prime factors of 209773.
89, 2357
List the prime factors of 2671809.
3, 7, 47, 2707
List the prime factors of 976992.
2, 3, 10177
List the prime factors of 77440.
2, 5, 11
What are the prime factors of 6439761?
3, 241, 2969
What are the prime factors of 5537687?
23, 240769
List the prime factors of 215275.
5, 79, 109
What are the prime factors of 7589504?
2, 13, 4561
What are the prime factors of 4708535?
5, 13, 107, 677
List the prime factors of 1829766.
2, 3, 304961
What are the prime factors of 364267?
364267
List the prime factors of 327250.
2, 5, 7, 11, 17
List the prime factors of 9368179.
9368179
List the prime factors of 220690.
2, 5, 29, 761
What are the prime factors of 361308?
2, 3, 30109
List the prime factors of 1641430.
2, 5, 7, 131, 179
What are the prime factors of 1190295?
3, 5, 2939
List the prime factors of 1229283.
3, 11, 4139
List the prime factors of 101595.
3, 5, 13, 521
List the prime factors of 657553.
13, 50581
List the prime factors of 1241082.
2, 3, 47, 163
List the prime factors of 20050423.
3833, 5231
What are the prime factors of 1545997?
17, 211, 431
What are the prime factors of 4223910?
2, 3, 5, 140797
List the prime factors of 286515.
3, 5, 6367
What are the prime factors of 88183?
163, 541
List the prime factors of 2225643.
3, 7, 105983
What are the prime factors of 528596?
2, 103, 1283
What are the prime factors of 1758518?
2, 879259
List the prime factors of 854045.
5, 170809
What are the prime factors of 111397?
11, 13, 19, 41
What are the prime factors of 337916?
2, 23, 3673
What are the prime factors of 187726?
2, 7, 11, 23, 53
What are the prime factors of 18009044?
2, 4502261
What are the prime factors of 1570964?
2, 392741
List the prime factors of 171989.
17, 67, 151
List the prime factors of 2747981.
1123, 2447
What are the prime factors of 91450?
2, 5, 31, 59
What are the prime factors of 1408366?
2, 704183
List the prime factors of 330916.
2, 82729
What are the prime factors of 1601896?
2, 200237
What are the prime factors of 317120?
2, 5, 991
What are the prime factors of 17101408?
2, 547, 977
What are the prime factors of 409503?
3, 136501
What are the prime factors of 2503070?
2, 5, 250307
What are the prime factors of 698547?
3, 17, 13697
What are the prime factors of 3567695?
5, 53, 13463
What are the prime factors of 27561258?
2, 3, 1531181
List the prime factors of 129593.
129593
List the prime factors of 277509.
3, 92503
What are the prime factors of 377976?
2, 3, 15749
What are the prime factors of 5149?
19, 271
What are the prime factors of 2219819?
7, 337, 941
What are the prime factors of 6621364?
2, 17, 97373
What are the prime factors of 10837262?
2, 17, 318743
List the prime factors of 3145471.
7, 449353
List the prime factors of 5370877.
41, 101, 1297
What are the prime factors of 1132935?
3, 5, 47, 1607
List the prime factors of 300922.
2, 19, 7919
List the prime factors of 2079685.
5, 415937
List the prime factors of 185441.
185441
List the prime factors of 6819362.
2, 11, 23, 13477
What are the prime factors of 291982?
2, 145991
What are the prime factors of 1181143?
17, 61, 67
List the prime factors of 6232163.
7, 193, 659
What are the prime factors of 2092887?
3, 17, 13679
List the prime factors of 9631283.
1307, 7369
List the prime factors of 1710102.
2, 3, 421, 677
List the prime factors of 1443521.
17, 84913
List the prime 